 108.
36
Suppose -3*h - 63 = -6*h. Let y(l) = -l**3 - 12*l**2 - 12*l + 3. Let k be y(-11). Calculate the greatest common divisor of k and h.
7
Let s(x) = x**3 - 25*x**2 - 23*x - 70. Let r be s(26). What is the greatest common divisor of 4 and r?
4
Suppose 394 = 5*i + 2*c, 4*i + 5*c = 2*i + 145. What is the greatest common factor of 50 and i?
10
Let k = 2 + -5. Let o = k + 23. Let s = o - 13. Calculate the greatest common divisor of 35 and s.
7
Suppose 62*h - 96 = 60*h. What is the highest common divisor of 80 and h?
16
Let i be (6/5)/((-6)/570). Let j = i - -189. Let w be (-10)/(1 + (-18)/15). Calculate the greatest common divisor of w and j.
25
Suppose -5*r + 4*h - 86 = 0, 2*r - 4*h = h - 31. Suppose -5*a - 4*w = -167 + 10, 5*a + w = 163. Let t = a + r. What is the highest common factor of t and 30?
15
Suppose 2*c - g - 63 = 0, -5*c + 4*g - 7*g = -152. What is the highest common factor of c and 9?
1
Suppose 3*g - 15164 = -5*b - 264, 3*g = 15. Suppose 529 = -17*f + b. What is the highest common factor of f and 18?
18
Let f = -32 + 62. Suppose -4*l + 5*p + 1236 = 3*p, -3*l = 5*p - 940. Suppose 3*u - 140 = l. Calculate the greatest common factor of f and u.
30
Let b = -126 - -139. What is the greatest common factor of b and 637?
13
Let g(c) = -c**2 + 26*c + 53. Let r be g(25). Calculate the highest common factor of 429 and r.
39
Let k be (-4)/(-10) + (-92)/(-20) + -4. What is the greatest common divisor of 16 and k?
1
Let c = -224 + 232. Calculate the greatest common divisor of c and 392.
8
Suppose 3*p + 161 = -2*h - 314, 0 = -5*h + 5*p - 1250. Let q be (-4)/1 + 1 - h/7. Calculate the highest common divisor of q and 96.
32
Let o be (-6)/(-15) + (504/15)/6. What is the highest common divisor of o and 294?
6
Suppose -2*d - d + 2 = -x, -x + 2 = -d. Suppose 2*h = -t - 3, d*t + 0*h - 3*h = 15. What is the highest common factor of 51 and t?
3
Suppose -4*f + 5*z = 5, 2*f - 9 = 4*z - 13. Suppose f = -18*y + 615 + 519. What is the highest common divisor of 84 and y?
21
Let j be ((-7)/14)/(-4 + 213/54). Calculate the greatest common divisor of 216 and j.
9
Let g be (-52)/(-2) + (-4)/(-4). Suppose 3*k + 115 = 4*m - 305, 120 = m + 3*k. What is the highest common divisor of g and m?
27
Suppose 6*y - 9 - 3 = 0. What is the highest common factor of 5 and y?
1
Suppose -17*j + 5082 + 868 = 0. What is the highest common factor of j and 98?
14
Let r = 43 + -76. Let z be r/(-4) + (-10)/40. Let t = z + 9. Calculate the greatest common divisor of t and 17.
17
Let n(u) = -2*u**2 + 18*u - 11. Let o be n(8). Let j be ((-440)/(-32) - 2/(-8))*o. What is the greatest common factor of j and 10?
10
Let m = -22 - -6. Let n = 0 - m. What is the highest common factor of 176 and n?
16
Let c be -1 - (-54 + -1 - -1). Let l = c - -109. Calculate the highest common divisor of 18 and l.
18
Suppose 91*u + 80 = 96*u. Let r = -269 - -461. Suppose 0 = w - 4*w + r. Calculate the greatest common divisor of w and u.
16
Suppose -8*j - b - 3796 = -13*j, 5*j - 3797 = 2*b. What is the greatest common divisor of j and 33?
33
Suppose 18*v - 15*v = 42. Suppose 0 = 6*b - 133 - 329. What is the greatest common factor of v and b?
7
Let d be (-6)/(-6) + (-13 - 0). Let l be d - -9 - (1 - -6). Let h(t) = -4*t - 4. Let u be h(l). Calculate the greatest common factor of u and 12.
12
Let d = 12 + -9. Suppose -3*y - y - j + 53 = 0, 61 = d*y + 5*j. Suppose 8*q = 7*q + 108. Calculate the highest common divisor of y and q.
12
Suppose 5*x - x - 108 = 0. Let u = 340 - 97. What is the highest common factor of u and x?
27
Let r be (-18)/(-588)*-8*-7*7. Let d(k) = k**3 + 104 - k**2 + 0*k**3 + 28 - k. Let v be d(0). Calculate the highest common factor of r and v.
12
Let z(j) = j**3 - 5*j**2 - 5*j - 4. Let g be z(6). Suppose 0*q - g*q = -36. Let w be (-19 + 1 + 0)*(-20)/4. What is the highest common factor of q and w?
18
Suppose -65 = 2*z + 3*z. Let m = z - -15. Suppose -8 = m*u - 36. Calculate the highest common divisor of u and 154.
14
Let v(h) = -3*h - 12. Let a be v(-6). Let i be 2/a - 138/(-18). Calculate the greatest common factor of i and 8.
8
Let m(s) = 3*s - 21. Let a be m(10). Suppose -4*b - 4*d + 69 = -a*d, 0 = 2*b + 2*d - 30. Calculate the highest common factor of 8 and b.
8
Suppose 0 = -28*g + 26*g - 70. Let k = g - -37. Calculate the greatest common factor of 1 and k.
1
Suppose -4 = -40*l + 39*l. Let u be (l - (-1)/(-3))*3. Calculate the greatest common factor of u and 88.
11
Let h = 71 - 33. Let d(b) = -29*b - 1. Let g = -5 - -3. Let o be d(g). What is the greatest common factor of o and h?
19
Let i be 3/(-2)*280/(-105). What is the greatest common factor of 10 and i?
2
Let j = 111 + 129. Calculate the greatest common factor of j and 96.
48
Let j(t) = -4*t**3 - 4*t**2 + 3*t + 2. Let p be j(-3). Suppose -p*y - 45 = -66*y. Calculate the greatest common divisor of 15 and y.
15
Let s(b) = b**2 - 2*b - 28. Let n be s(9). Calculate the greatest common divisor of 10 and n.
5
Suppose -20*u - 15*u = -7735. Calculate the highest common divisor of 13 and u.
13
Let k be (18/5)/((-6)/(-15)). Suppose 3*q = 4*q - k. What is the highest common factor of 45 and q?
9
Suppose 5*t - 817 = -287. Let p = t - 25. What is the greatest common divisor of 54 and p?
27
Suppose 0*k = -4*k + 12, b - 4 = 2*k. Suppose -165 - 31 = -2*f. Let h = f - 38. What is the highest common factor of b and h?
10
Suppose b = -2*a + 860, 2*b = a - 407 - 33. Let w(q) = 2*q**3 - 7*q**2 - q - 22. Let u be w(5). What is the highest common factor of a and u?
48
Let t be 6/2*-25*(-12)/20. Calculate the highest common divisor of 135 and t.
45
Suppose -87 = -9*n + 7*n + c, 0 = 3*n + c - 128. Calculate the greatest common factor of n and 731.
43
Suppose -425 = 3*p - 20*p. Suppose -n - 23 = -a, n - 85 = -3*a - 4*n. Calculate the highest common divisor of p and a.
25
Let k be (4 - -86)/(11*9/99). Calculate the greatest common factor of k and 36.
18
Let i(z) = 5*z - 21. Let j be i(6). Calculate the highest common divisor of 72 and j.
9
Suppose 0 = 2*l - 5 - 3. Suppose l*g + 188 = 5*h - 34, 3*g + 9 = 0. Calculate the highest common divisor of h and 28.
14
Let o(j) = -j**3 + 15*j**2 + 5*j + 6. Let i be o(15). Suppose 13*c - 10*c - i = 0. Let b = 5 + c. Calculate the greatest common divisor of b and 160.
32
Let l(p) = -p**3 + 10*p**2 - 7*p - 8. Let t = 48 + -39. Let a be l(t). Suppose 0 = -3*q - q + 320. Calculate the greatest common factor of a and q.
10
Suppose -5*t + 16 = -2*k, -2*t + 4 + 0 = 0. Let c be 219/9 - (-1)/k. Calculate the greatest common divisor of c and 24.
24
Let t(k) = -k**3 - 3*k**2 + 24*k - 14. Let q be t(3). What is the greatest common factor of 208 and q?
4
Let d(g) = -g + 18. Let j be d(11). Let o = j + 1. Suppose 5*f - 3*u + 24 = 716, -2*u = o. What is the highest common factor of f and 17?
17
Suppose 4*v - 12 = -4*i, -2*i + 5*i + 31 = 5*v. Suppose s - v*s + 80 = 0. Suppose 0 = -17*b + 149 - 13. Calculate the highest common factor of b and s.
4
Suppose 3168 = 345*s - 329*s. What is the greatest common factor of s and 288?
18
Let p = 76 - 50. Suppose m - p = -4*j, 2*m + 45 = 4*m + j. What is the greatest common divisor of m and 33?
11
Suppose 0 = -p + 3. Suppose -4*q + 1760 = y, p*q + 3857 = 5*y - 4897. Let z be 4/(-14) + y/56. Calculate the greatest common factor of 341 and z.
31
Suppose 12 = 3*i - 7*i. Let n = 3 - i. Suppose -3*o + n*o = 216. Calculate the highest common divisor of o and 8.
8
Let t be (-2 - 978)/(-10) + -8. Calculate the highest common divisor of 10 and t.
10
Suppose 156 = 182*j - 169*j. Suppose -117 = -2*i + m + 3, -3*m + 180 = 3*i. What is the greatest common divisor of j and i?
12
Suppose -5*j = 4*k - 3*k - 10, 0 = 2*j + 4*k - 22. Suppose 0 = 7*a - 5*a - 10. Suppose -u + a = 2. Calculate the highest common divisor of j and u.
1
Let k = 24 + -45. Let z = 23 - k. What is the highest common divisor of 11 and z?
11
Let h be -2 + (-5 - -3) + 64 + -1. What is the highest common factor of h and 118?
59
Let z be ((-63)/(-6))/(12/32). What is the greatest common divisor of 35 and z?
7
Let i = 860 - -722. What is the highest common factor of 28 and i?
14
Let j be (54/(-30)*5)/(6/(-16)). What is the greatest common divisor of 216 and j?
24
Let q(j) = j**2 + 9*j - 7. Let t be q(-10). Suppose -80 - 4 = t*u. Let g = 46 + u. Wha